{"id":34372,"date":"2024-05-02T20:05:55","date_gmt":"2024-05-02T20:05:55","guid":{"rendered":"https:\/\/flavianatura.com\/tienda\/?page_id=34372"},"modified":"2024-05-21T14:49:03","modified_gmt":"2024-05-21T14:49:03","slug":"accesibilidad","status":"publish","type":"page","link":"https:\/\/flavianatura.com\/tienda\/accesibilidad\/","title":{"rendered":"Accesibilidad"},"content":{"rendered":"\t\t<div data-elementor-type=\"wp-page\" data-elementor-id=\"34372\" class=\"elementor elementor-34372\" data-elementor-post-type=\"page\">\n\t\t\t\t\t\t<section class=\"elementor-section elementor-top-section elementor-element elementor-element-24d2f656 elementor-section-boxed elementor-section-height-default elementor-section-height-default\" data-id=\"24d2f656\" data-element_type=\"section\" data-e-type=\"section\" data-settings=\"{&quot;background_background&quot;:&quot;classic&quot;}\">\n\t\t\t\t\t\t<div class=\"elementor-container elementor-column-gap-default\">\n\t\t\t\t\t<div class=\"elementor-column elementor-col-100 elementor-top-column elementor-element elementor-element-4fbb4a81\" data-id=\"4fbb4a81\" data-element_type=\"column\" data-e-type=\"column\">\n\t\t\t<div class=\"elementor-widget-wrap elementor-element-populated\">\n\t\t\t\t\t\t<div class=\"elementor-element elementor-element-ef46f2d elementor-widget elementor-widget-text-editor\" data-id=\"ef46f2d\" data-element_type=\"widget\" data-e-type=\"widget\" data-widget_type=\"text-editor.default\">\n\t\t\t\t<div class=\"elementor-widget-container\">\n\t\t\t\t\t\t\t\t\t<p align=\"justify\"><span ><span><span style=\"font-size: small;\"> Flavianatura\n            <\/span><\/span><\/span><span ><span><span\n                style=\"font-size: small;\">s<\/span><\/span><\/span><span ><span><span\n                style=\"font-size: small;\">e ha\n                comprometido a hacer\n                accesibles sus sitios web\u00a0de conformidad con el\u00a0<\/span><\/span><\/span><a\n        href=\"https:\/\/www.boe.es\/buscar\/act.php?id=BOE-A-2018-12699\" target=\"RD 1112\/2018\"><span\n            ><span><span style=\"font-size: small;\"><u><b>Real Decreto 1112\/2018, de 7 de\n                            septiembre, sobre accesibilidad de\n                            los sitios web y aplicaciones para dispositivos m\u00f3viles del sector\n                            p\u00fablico<\/b><\/u><\/span><\/span><\/span><\/a><span ><span><span\n                style=\"font-size: small;\">.<\/span><\/span><\/span><\/p>\n<p align=\"justify\"><span ><span><span ><b>SITUACI\u00d3N DE\n                    CUMPLIMIENTO<\/b><\/span><\/span><\/span><\/p>\n<p align=\"justify\"><span ><span>Este sitio web\n            es\u00a0<\/span><\/span><span ><span><b>parcialmente conforme<\/b><\/span><\/span><span\n        ><span>\u00a0con el \u00a0<\/span><\/span><a\n        href=\"https:\/\/www.boe.es\/diario_boe\/txt.php?id=BOE-A-2018-12699\" target=\"RD 1112\/2018\"><span\n            ><span><u><b>RD\n                        1112\/2018<\/b><\/u><\/span><\/span><\/a><span ><span>\u00a0 debido a las\n            excepciones y a la falta de conformidad de los\n            aspectos que se indican a continuaci\u00f3n.<\/span><\/span><\/p>\n<p align=\"justify\"><span ><span><span ><b>CONTENIDO NO\n                    ACCESIBLE<\/b><\/span><\/span><\/span><\/p>\n<p align=\"justify\"><span ><span>El contenido que se\n            recoge a continuaci\u00f3n no es accesible por lo siguiente:\u00a0<\/span><\/span><\/p>\n\n<ul>\n    <li><span ><span><span style=\"font-size: medium;\"><b>Falta de conformidad con el RD\n                        1112\/2018:<\/b><\/span><\/span><\/span>\n        <ul>\n            <li><span ><span><span style=\"font-size: medium;\">En el portal pueden existir\n                            contenidos en otros idiomas en los\n                            que no est\u00e1 etiquetado correctamente el cambio de idioma<\/span><\/span><\/span><\/li>\n            <li><span ><span><span style=\"font-size: medium;\">Los elementos multimedia solo audio\n                            no tienen\n                            alternativa<\/span><\/span><\/span><\/li>\n            <li><span ><span><span style=\"font-size: medium;\">Existen v\u00eddeos sin\n                            subt\u00edtulos<\/span><\/span><\/span><\/li>\n            <li><span ><span><span style=\"font-size: medium;\">Hay contenido textual sin un\n                            contraste\n                            suficiente<\/span><\/span><\/span><\/li>\n            <li><span ><span><span style=\"font-size: medium;\">Se observa como en algunos casos el\n                            foco no cumple con el m\u00ednimo\n                            ratio de contraste requerido<\/span><\/span><\/span><\/li>\n            <li><span ><span><span style=\"font-size: medium;\">En alg\u00fan caso puede producirse\n                            solapamiento de\n                            contenido<\/span><\/span><\/span><\/li>\n            <li><span ><span><span style=\"font-size: medium;\">Existen documentos PDF con\n                            problemas de\n                            accesibilidad<\/span><\/span><\/span><\/li>\n        <\/ul>\n    <\/li>\n    <li><span ><span><span style=\"font-size: medium;\"><b>Carga\n                        desproporcionada:<\/b><\/span><\/span><\/span><\/li>\n<\/ul>\n<p align=\"justify\"><span >\u00a0 \u00a0 \u00a0 \u00a0 \u00a0 <span>No\n            aplica.<\/span><\/span><\/p>\n<p align=\"justify\"><span ><span><span ><b>PREPARACI\u00d3N DE LA PRESENTE\n                    DECLARACI\u00d3N DE\n                    ACCESIBILIDAD<\/b><\/span><\/span><\/span><\/p>\n<p align=\"justify\"><span ><span>La presente\n            declaraci\u00f3n fue preparada el <\/span><\/span><span>24 de Febrero\n        de 2023<\/span><\/p>\n<p align=\"justify\"><span ><span>El m\u00e9todo empleado\n            para la presente declaraci\u00f3n ha sido una autoevaluaci\u00f3n realizada por la propia Agencia con el soporte de\n            la\u00a0<\/span><\/span><a href=\"https:\/\/herramienta-ira.administracionelectronica.gob.es\/#!\/\"\n        target=\"Herramienta IRA\"><span ><span><u><b>Herramienta IRA (Informe de Revisi\u00f3n de\n                        Accesibilidad)<\/b><\/u><\/span><\/span><\/a><span ><span>\u00a0del Observatorio de\n            Accesibilidad.<\/span><\/span><\/p>\n<p align=\"justify\"><span ><span><span ><b>OBSERVACIONES Y DATOS DE\n                    CONTACTO<\/b><\/span><\/span><\/span><\/p>\n<p align=\"justify\"><span ><span><span style=\"font-size: large;\"><b>Comunicaciones sobre\n                    requisitos de accesibilidad<\/b><\/span><\/span><\/span>\n<\/p>\n<p align=\"justify\"><span ><span>Puede\n            realizar\u00a0comunicaciones\u00a0sobre requisitos de accesibilidad (art\u00edculo 10.2.a del RD 1112\/2018) como, por\n            ejemplo:<\/span><\/span><\/p>\n\n<ul>\n    <li><span ><span><span style=\"font-size: medium;\"><b>informar sobre cualquier posible\n                        incumplimiento por parte de este\n                        sitio web<\/b><\/span><\/span><\/span><\/li>\n    <li><span ><span><span style=\"font-size: medium;\"><b>transmitir otras\u00a0dificultades de\n                        acceso\u00a0al\n                        contenido<\/b><\/span><\/span><\/span><\/li>\n    <li><span ><span><span style=\"font-size: medium;\"><b>formular cualquier otra\u00a0consulta o\n                        sugerencia de mejora\u00a0relativa a la\n                        accesibilidad del sitio web<\/b><\/span><\/span><\/span><\/li>\n<\/ul>\n<p align=\"justify\"><span ><span>a trav\u00e9s\n            del\u00a0<\/span><\/span><span style=\"color: #000000; font-family: Source Sans Pro, serif;\"><a\n            href=\"https:\/\/flavianatura.com\/tienda\/contacto\">https:\/\/flavianatura.com\/tienda\/contacto<\/a><\/span><span\n        ><span><a>\u00a0<\/a><\/span><\/span><span ><span><u><b>formulario de\n                    contacto sobre\n                    requisitos de accesibilidad<\/b><\/u><\/span><\/span><span ><span>\u00a0<\/span><\/span>\n<\/p>\n<p align=\"justify\"><span ><span><span style=\"font-size: large;\"><b>Solicitudes de informaci\u00f3n\n                    accesible y quejas<\/b><\/span><\/span><\/span><\/p>\n<p align=\"justify\"><span ><span>A trav\u00e9s\n            del\u00a0<\/span><\/span><span style=\"color: #000000; font-family: Source Sans Pro, serif;\"><a\n            href=\"https:\/\/flavianatura.com\/tienda\/informacion-y-quejas-de-accesibilidad\/\">https:\/\/flavianatura.com\/tienda\/informacion-y-quejas-de-accesibilidad\/<\/a><\/span><span\n        style=\"color: #ff0000;\"><span>\u00a0<\/span><\/span><span ><span><u><b>formulario de solicitudes\n                    de\n                    informaci\u00f3n accesible y de quejas en materia de quejas de accesibilidad<\/b><\/u><\/span><\/span><span\n        ><span>\u00a0puede presentar:<\/span><\/span><\/p>\n\n<ul>\n    <li><span ><span><span style=\"font-size: medium;\"><b>una Queja relativa al cumplimiento de\n                        los requisitos del RD 1112\/2018\n                        o<\/b><\/span><\/span><\/span><\/li>\n    <li><span ><span><span style=\"font-size: medium;\"><b>una Solicitud de Informaci\u00f3n accesible\n                        relativa\n                        a:<\/b><\/span><\/span><\/span>\n        <ul>\n            <li><span ><span><span style=\"font-size: medium;\">contenidos que est\u00e1n excluidos del\n                            \u00e1mbito de aplicaci\u00f3n del RD\n                            1112\/2018 seg\u00fan lo establecido por el art\u00edculo 3, apartado 4<\/span><\/span><\/span><\/li>\n            <li><span ><span><span style=\"font-size: medium;\">contenidos que est\u00e1n exentos del\n                            cumplimiento de los requisitos\n                            de accesibilidad por imponer una carga desproporcionada.<\/span><\/span><\/span><\/li>\n        <\/ul>\n    <\/li>\n<\/ul>\n<p align=\"justify\"><span ><span>En la Solicitud de\n            informaci\u00f3n accesible, se debe concretar, con toda claridad, los hechos, razones y petici\u00f3n que permitan\n            constatar que se trata de una solicitud razonable y leg\u00edtima.<\/span><\/span><\/p>\n<p align=\"justify\"><span ><span><span ><b>PROCEDIMIENTO DE\n                    APLICACI\u00d3N<\/b><\/span><\/span><\/span><\/p>\n<p align=\"justify\"><span ><span>Si una vez realizada\n            una solicitud de informaci\u00f3n accesible o queja, \u00e9sta hubiera sido desestimada, no se estuviera de acuerdo\n            con la decisi\u00f3n adoptada, o la respuesta no cumpliera los requisitos contemplados en el art\u00edculo 12.5 del RD\n            1112\/2018, la persona interesada podr\u00e1 iniciar una reclamaci\u00f3n. Igualmente se podr\u00e1 iniciar una reclamaci\u00f3n\n            en el caso de no haber obtenido respuesta.<\/span><\/span><\/p>\n<p align=\"justify\"><span ><span>El procedimiento\n            reclamaci\u00f3n recogido en el art\u00edculo 13 del RD 1112\/2018, puede iniciarse a trav\u00e9s de\u00a0<\/span><\/span><a\n        href=\"https:\/\/sedeagpd.gob.es\/sede-electronica-web\/vistas\/formProcedimientoEntrada\/procedimientoEntradaAmpliado.jsf\"\n        target=\"Registro inicial\"><span ><span><u><b>este enlace<\/b><\/u><\/span><\/span><\/a><span\n        ><span>.<\/span><\/span><\/p>\n<p align=\"justify\"><span ><span><span ><b>CONTENIDO\n                    OPCIONAL<\/b><\/span><\/span><\/span><\/p>\n<p align=\"justify\"><span ><span>El sitio\n            web:<\/span><\/span><\/p>\n\n<ul>\n    <li><span ><span><span style=\"font-size: medium;\"><b>se ha dise\u00f1ado adapt\u00e1ndose a los\n                        est\u00e1ndares y normativas vigentes en\n                        relaci\u00f3n a la accesibilidad, cumpliendo con los puntos de verificaci\u00f3n de prioridad 2 (AA)\n                        definidos en la especificaci\u00f3n de Pautas de Accesibilidad al Contenido en la Web (WCAG\n                        2.1)<\/b><\/span><\/span><\/span><\/li>\n    <li><span ><span><span style=\"font-size: medium;\"><b>est\u00e1 optimizado para las \u00faltimas\n                        versiones vigentes de Chrome, Edge,\n                        Firefox, Safari y Opera<\/b><\/span><\/span><\/span><\/li>\n    <li><span ><span><span style=\"font-size: medium;\"><b>est\u00e1 dise\u00f1ado para su correcta\n                        visualizaci\u00f3n en cualquier resoluci\u00f3n y\n                        dispositivo de escritorio, tabletas o m\u00f3viles\u00a0(dise\u00f1o\u00a0<\/b><\/span><\/span><\/span><span\n            ><span><span\n                    style=\"font-size: medium;\"><i><b>responsive<\/b><\/i><\/span><\/span><\/span><span\n            ><span><span style=\"font-size: medium;\"><b>)<\/b><\/span><\/span><\/span><\/li>\n    <li><span ><span><span style=\"font-size: medium;\"><b>se ha realizado utilizando HTML5 como\n                        lenguaje de marcado y hojas de\n                        estilo CSS 3 para su dise\u00f1o<\/b><\/span><\/span><\/span><\/li>\n<\/ul>\n<p align=\"justify\"><span ><span>Adem\u00e1s, se realiza\n            un trabajo continuo de auditor\u00eda y revisi\u00f3n de contenidos para facilitar su interpretaci\u00f3n y mejorar la\n            navegaci\u00f3n por el portal web.<\/span><\/span><\/p>\t\t\t\t\t\t\t\t<\/div>\n\t\t\t\t<\/div>\n\t\t\t\t\t<\/div>\n\t\t<\/div>\n\t\t\t\t\t<\/div>\n\t\t<\/section>\n\t\t\t\t<\/div>\n\t\t","protected":false},"excerpt":{"rendered":"<p>Flavianatura se ha comprometido a hacer accesibles sus sitios web\u00a0de conformidad con el\u00a0Real Decreto 1112\/2018, de 7 de septiembre, sobre accesibilidad de los sitios web y aplicaciones para dispositivos m\u00f3viles del sector p\u00fablico. SITUACI\u00d3N DE CUMPLIMIENTO Este sitio web es\u00a0parcialmente conforme\u00a0con el \u00a0RD 1112\/2018\u00a0 debido a las excepciones y a la falta de conformidad de [&hellip;]<\/p>\n","protected":false},"author":1,"featured_media":0,"parent":0,"menu_order":0,"comment_status":"closed","ping_status":"closed","template":"","meta":{"footnotes":""},"class_list":["post-34372","page","type-page","status-publish","hentry"],"yoast_head":"<!-- This site is optimized with the Yoast SEO plugin v27.4 - https:\/\/yoast.com\/product\/yoast-seo-wordpress\/ -->\n<title>Accesibilidad - Flavianatura - Fabricaci\u00f3n de Iluminaci\u00f3n en Alicante<\/title>\n<meta name=\"robots\" content=\"index, follow, max-snippet:-1, max-image-preview:large, max-video-preview:-1\" \/>\n<link rel=\"canonical\" href=\"https:\/\/flavianatura.com\/tienda\/accesibilidad\/\" \/>\n<meta property=\"og:locale\" content=\"es_ES\" \/>\n<meta property=\"og:type\" content=\"article\" \/>\n<meta property=\"og:title\" content=\"Accesibilidad - Flavianatura - Fabricaci\u00f3n de Iluminaci\u00f3n en Alicante\" \/>\n<meta property=\"og:description\" content=\"Flavianatura se ha comprometido a hacer accesibles sus sitios web\u00a0de conformidad con el\u00a0Real Decreto 1112\/2018, de 7 de septiembre, sobre accesibilidad de los sitios web y aplicaciones para dispositivos m\u00f3viles del sector p\u00fablico. SITUACI\u00d3N DE CUMPLIMIENTO Este sitio web es\u00a0parcialmente conforme\u00a0con el \u00a0RD 1112\/2018\u00a0 debido a las excepciones y a la falta de conformidad de [&hellip;]\" \/>\n<meta property=\"og:url\" content=\"https:\/\/flavianatura.com\/tienda\/accesibilidad\/\" \/>\n<meta property=\"og:site_name\" content=\"Flavianatura - Fabricaci\u00f3n de Iluminaci\u00f3n en Alicante\" \/>\n<meta property=\"article:modified_time\" content=\"2024-05-21T14:49:03+00:00\" \/>\n<meta name=\"twitter:card\" content=\"summary_large_image\" \/>\n<meta name=\"twitter:label1\" content=\"Tiempo de lectura\" \/>\n\t<meta name=\"twitter:data1\" content=\"3 minutos\" \/>\n<script type=\"application\/ld+json\" class=\"yoast-schema-graph\">{\"@context\":\"https:\\\/\\\/schema.org\",\"@graph\":[{\"@type\":\"WebPage\",\"@id\":\"https:\\\/\\\/flavianatura.com\\\/tienda\\\/accesibilidad\\\/\",\"url\":\"https:\\\/\\\/flavianatura.com\\\/tienda\\\/accesibilidad\\\/\",\"name\":\"Accesibilidad - Flavianatura - Fabricaci\u00f3n de Iluminaci\u00f3n en Alicante\",\"isPartOf\":{\"@id\":\"https:\\\/\\\/flavianatura.com\\\/tienda\\\/#website\"},\"datePublished\":\"2024-05-02T20:05:55+00:00\",\"dateModified\":\"2024-05-21T14:49:03+00:00\",\"breadcrumb\":{\"@id\":\"https:\\\/\\\/flavianatura.com\\\/tienda\\\/accesibilidad\\\/#breadcrumb\"},\"inLanguage\":\"es\",\"potentialAction\":[{\"@type\":\"ReadAction\",\"target\":[\"https:\\\/\\\/flavianatura.com\\\/tienda\\\/accesibilidad\\\/\"]}]},{\"@type\":\"BreadcrumbList\",\"@id\":\"https:\\\/\\\/flavianatura.com\\\/tienda\\\/accesibilidad\\\/#breadcrumb\",\"itemListElement\":[{\"@type\":\"ListItem\",\"position\":1,\"name\":\"Portada\",\"item\":\"https:\\\/\\\/flavianatura.com\\\/tienda\\\/\"},{\"@type\":\"ListItem\",\"position\":2,\"name\":\"Accesibilidad\"}]},{\"@type\":\"WebSite\",\"@id\":\"https:\\\/\\\/flavianatura.com\\\/tienda\\\/#website\",\"url\":\"https:\\\/\\\/flavianatura.com\\\/tienda\\\/\",\"name\":\"Flavianatura - Fabricaci\u00f3n de Iluminaci\u00f3n en Alicante\",\"description\":\"Venta de Paneles led, Barras Led, Mesas, Sillas, Taburetes y m\u00e1s en Alicante\",\"publisher\":{\"@id\":\"https:\\\/\\\/flavianatura.com\\\/tienda\\\/#organization\"},\"potentialAction\":[{\"@type\":\"SearchAction\",\"target\":{\"@type\":\"EntryPoint\",\"urlTemplate\":\"https:\\\/\\\/flavianatura.com\\\/tienda\\\/?s={search_term_string}\"},\"query-input\":{\"@type\":\"PropertyValueSpecification\",\"valueRequired\":true,\"valueName\":\"search_term_string\"}}],\"inLanguage\":\"es\"},{\"@type\":\"Organization\",\"@id\":\"https:\\\/\\\/flavianatura.com\\\/tienda\\\/#organization\",\"name\":\"Flavianatura - Fabricaci\u00f3n de Iluminaci\u00f3n en Alicante\",\"url\":\"https:\\\/\\\/flavianatura.com\\\/tienda\\\/\",\"logo\":{\"@type\":\"ImageObject\",\"inLanguage\":\"es\",\"@id\":\"https:\\\/\\\/flavianatura.com\\\/tienda\\\/#\\\/schema\\\/logo\\\/image\\\/\",\"url\":\"https:\\\/\\\/flavianatura.com\\\/tienda\\\/wp-content\\\/uploads\\\/2024\\\/04\\\/logo-flavia.png\",\"contentUrl\":\"https:\\\/\\\/flavianatura.com\\\/tienda\\\/wp-content\\\/uploads\\\/2024\\\/04\\\/logo-flavia.png\",\"width\":672,\"height\":100,\"caption\":\"Flavianatura - Fabricaci\u00f3n de Iluminaci\u00f3n en Alicante\"},\"image\":{\"@id\":\"https:\\\/\\\/flavianatura.com\\\/tienda\\\/#\\\/schema\\\/logo\\\/image\\\/\"}}]}<\/script>\n<!-- \/ Yoast SEO plugin. -->","yoast_head_json":{"title":"Accesibilidad - Flavianatura - Fabricaci\u00f3n de Iluminaci\u00f3n en Alicante","robots":{"index":"index","follow":"follow","max-snippet":"max-snippet:-1","max-image-preview":"max-image-preview:large","max-video-preview":"max-video-preview:-1"},"canonical":"https:\/\/flavianatura.com\/tienda\/accesibilidad\/","og_locale":"es_ES","og_type":"article","og_title":"Accesibilidad - Flavianatura - Fabricaci\u00f3n de Iluminaci\u00f3n en Alicante","og_description":"Flavianatura se ha comprometido a hacer accesibles sus sitios web\u00a0de conformidad con el\u00a0Real Decreto 1112\/2018, de 7 de septiembre, sobre accesibilidad de los sitios web y aplicaciones para dispositivos m\u00f3viles del sector p\u00fablico. SITUACI\u00d3N DE CUMPLIMIENTO Este sitio web es\u00a0parcialmente conforme\u00a0con el \u00a0RD 1112\/2018\u00a0 debido a las excepciones y a la falta de conformidad de [&hellip;]","og_url":"https:\/\/flavianatura.com\/tienda\/accesibilidad\/","og_site_name":"Flavianatura - Fabricaci\u00f3n de Iluminaci\u00f3n en Alicante","article_modified_time":"2024-05-21T14:49:03+00:00","twitter_card":"summary_large_image","twitter_misc":{"Tiempo de lectura":"3 minutos"},"schema":{"@context":"https:\/\/schema.org","@graph":[{"@type":"WebPage","@id":"https:\/\/flavianatura.com\/tienda\/accesibilidad\/","url":"https:\/\/flavianatura.com\/tienda\/accesibilidad\/","name":"Accesibilidad - Flavianatura - Fabricaci\u00f3n de Iluminaci\u00f3n en Alicante","isPartOf":{"@id":"https:\/\/flavianatura.com\/tienda\/#website"},"datePublished":"2024-05-02T20:05:55+00:00","dateModified":"2024-05-21T14:49:03+00:00","breadcrumb":{"@id":"https:\/\/flavianatura.com\/tienda\/accesibilidad\/#breadcrumb"},"inLanguage":"es","potentialAction":[{"@type":"ReadAction","target":["https:\/\/flavianatura.com\/tienda\/accesibilidad\/"]}]},{"@type":"BreadcrumbList","@id":"https:\/\/flavianatura.com\/tienda\/accesibilidad\/#breadcrumb","itemListElement":[{"@type":"ListItem","position":1,"name":"Portada","item":"https:\/\/flavianatura.com\/tienda\/"},{"@type":"ListItem","position":2,"name":"Accesibilidad"}]},{"@type":"WebSite","@id":"https:\/\/flavianatura.com\/tienda\/#website","url":"https:\/\/flavianatura.com\/tienda\/","name":"Flavianatura - Fabricaci\u00f3n de Iluminaci\u00f3n en Alicante","description":"Venta de Paneles led, Barras Led, Mesas, Sillas, Taburetes y m\u00e1s en Alicante","publisher":{"@id":"https:\/\/flavianatura.com\/tienda\/#organization"},"potentialAction":[{"@type":"SearchAction","target":{"@type":"EntryPoint","urlTemplate":"https:\/\/flavianatura.com\/tienda\/?s={search_term_string}"},"query-input":{"@type":"PropertyValueSpecification","valueRequired":true,"valueName":"search_term_string"}}],"inLanguage":"es"},{"@type":"Organization","@id":"https:\/\/flavianatura.com\/tienda\/#organization","name":"Flavianatura - Fabricaci\u00f3n de Iluminaci\u00f3n en Alicante","url":"https:\/\/flavianatura.com\/tienda\/","logo":{"@type":"ImageObject","inLanguage":"es","@id":"https:\/\/flavianatura.com\/tienda\/#\/schema\/logo\/image\/","url":"https:\/\/flavianatura.com\/tienda\/wp-content\/uploads\/2024\/04\/logo-flavia.png","contentUrl":"https:\/\/flavianatura.com\/tienda\/wp-content\/uploads\/2024\/04\/logo-flavia.png","width":672,"height":100,"caption":"Flavianatura - Fabricaci\u00f3n de Iluminaci\u00f3n en Alicante"},"image":{"@id":"https:\/\/flavianatura.com\/tienda\/#\/schema\/logo\/image\/"}}]}},"_links":{"self":[{"href":"https:\/\/flavianatura.com\/tienda\/wp-json\/wp\/v2\/pages\/34372","targetHints":{"allow":["GET"]}}],"collection":[{"href":"https:\/\/flavianatura.com\/tienda\/wp-json\/wp\/v2\/pages"}],"about":[{"href":"https:\/\/flavianatura.com\/tienda\/wp-json\/wp\/v2\/types\/page"}],"author":[{"embeddable":true,"href":"https:\/\/flavianatura.com\/tienda\/wp-json\/wp\/v2\/users\/1"}],"replies":[{"embeddable":true,"href":"https:\/\/flavianatura.com\/tienda\/wp-json\/wp\/v2\/comments?post=34372"}],"version-history":[{"count":4,"href":"https:\/\/flavianatura.com\/tienda\/wp-json\/wp\/v2\/pages\/34372\/revisions"}],"predecessor-version":[{"id":34422,"href":"https:\/\/flavianatura.com\/tienda\/wp-json\/wp\/v2\/pages\/34372\/revisions\/34422"}],"wp:attachment":[{"href":"https:\/\/flavianatura.com\/tienda\/wp-json\/wp\/v2\/media?parent=34372"}],"curies":[{"name":"wp","href":"https:\/\/api.w.org\/{rel}","templated":true}]}}